 99. Suppose 2*u = -2*u + a. Let o = u - -1. Calculate the remainder when 12 is divided by o.
5
Suppose -9*p + 206 = 35. Calculate the remainder when p is divided by 5.
4
Suppose 17*l = 14*l + 51. Calculate the remainder when l is divided by 6.
5
Let l(a) = 12*a**2 - 1. Suppose 0 = -4*k + 31 + 53. Calculate the remainder when k is divided by l(1).
10
Let h = -30 + 53. Let c(v) = v**2 + 2*v - 19. What is the remainder when c(7) is divided by h?
21
Let v(u) = -60*u + 13. Calculate the remainder when v(-4) is divided by 64.
61
Suppose -r - j = -32 - 2, -3*j + 3 = 0. Calculate the remainder when r is divided by 9.
6
Suppose 0 = 6*d - 4*d + 32. Let n = -15 - d. What is the remainder when ((-6)/(-9))/(1/3) is divided by n?
0
Suppose -3*b + 4*p + 53 = 2*b, p - 7 = -b. Suppose l - 4*y = -13, -4*l + y + b = -2*l. What is the remainder when l is divided by 3?
1
Let b = -18 - -33. Calculate the remainder when 8/(-36) - (-778)/18 is divided by b.
13
Suppose -4*p + 284 = 4*h - 6*h, 364 = 5*p + 2*h. Calculate the remainder when p is divided by 5.
2
Let k be -4*((-21)/12 + 1). What is the remainder when k/(-18) + (-614)/(-12) is divided by 18?
15
Let b = -15 - -66. What is the remainder when b is divided by 26?
25
Let h = -4 - -11. Suppose 2*w = h*w. Suppose w = -3*n - 3*p + 105, 0*p - 64 = -2*n + 4*p. What is the remainder when n is divided by 12?
10
Suppose -90 + 18 = -6*s. Calculate the remainder when s is divided by (-15)/(-2) - 2/4.
5
Let a(f) = 3*f + 5. Let t(g) = -g**3 + 12*g**2 + 7*g - 17. What is the remainder when t(12) is divided by a(6)?
21
Let j(t) = -t**3 - 3*t**2 + 3*t. Let p be -1 - 12*(-2)/3. Suppose 0 = -q + p + 5. What is the remainder when j(-5) is divided by q?
11
Let m(k) = -k**3 + 4*k**2 + k + 2. What is the remainder when 11 is divided by m(4)?
5
Let j(v) = v + 5. Let z be j(-8). Let b = 6 - 3. What is the remainder when ((-1)/z)/((-1)/(-30)) is divided by b?
1
Let k(z) = -z + 1. Let i = -8 - -10. What is the remainder when k(-3) is divided by i?
0
What is the remainder when (168 - 2)/(0 - -2) is divided by 21?
20
Suppose 5*x - 60 = 2*x + 3*g, 5*x + 4*g - 145 = 0. Suppose -5*r - a + 373 = 0, 2*r + 145 = 4*r - a. What is the remainder when r is divided by x?
24
Calculate the remainder when 42 is divided by 12/(-9)*(-33)/2.
20
Suppose 0 = -3*u + x - 5*x - 34, -4*x = u + 6. Let l = -24 - u. Let i = l + 18. Calculate the remainder when i is divided by 5.
3
Let u(j) = j**3 + j**2 - 5*j. Let c be u(5). Suppose 0 = -q - 4*q + c. Calculate the remainder when q is divided by 7.
4
Let l(h) = -h - 1. Suppose 16 = -3*a - m, 2*a - m + 8 = 4. Let z = a - -1. Calculate the remainder when 6 is divided by l(z).
0
Let d(j) = 5*j - 9. Let a be d(5). Let f be 4/(-3)*(-21)/(-2). Calculate the remainder when 41 is divided by (f/(-2))/(8/a).
13
Suppose 26 + 1 = 3*d. What is the remainder when 28 is divided by 6/d - (-86)/6?
13
Let v(h) = -h - 4. Let d be v(-5). Let r = 52 - 33. Calculate the remainder when r is divided by 60/5 - (d - -1).
9
Let l(c) = 5*c**3 - 2*c**2 + c. Let i be l(1). Let x = 6 - i. Suppose -2*d = -8, -x*d = 3*r - 0*d - 41. What is the remainder when r is divided by 6?
5
Let a(o) = -o**2 - 9*o + 11. Let w(q) = -q**3 + 7*q**2 - 3*q + 9. Let x be w(7). Let b be a(x). Let n = b + 41. What is the remainder when 62 is divided by n?
14
Suppose -5*p - 5*s + 135 = 0, -s - 81 = 5*p - 216. What is the remainder when 52 is divided by p?
25
What is the remainder when 90 is divided by (-170)/6*18/(-15)?
22
Let c(k) = k**3 - 3*k**2 + 3*k. Let v be c(2). Let s(b) = 5*b + b**2 - 4 - v*b**2 + 3. Calculate the remainder when 13 is divided by s(2).
3
Suppose 0*p + 16 = 2*p. Suppose -2*g + p = 24. Let w = g - -17. What is the remainder when 25 is divided by w?
7
Suppose -18 = 2*h + 40. Let u = 11 - h. Suppose -s + 17 = w, 4*w + u = 4*s + 4. What is the remainder when 25 is divided by s?
12
Let p(f) = 12*f - 5. Let v be p(5). Suppose 4*q = 61 + v. Let m(o) = -o + 22. Calculate the remainder when q is divided by m(7).
14
Suppose j - 36 = 2. Calculate the remainder when (-2 - j)*4/(-5) is divided by 17.
15
Suppose 21 = 4*n - o, -2*o + 5 = -3*n + 27. What is the remainder when 31 is divided by 43/n - (-5)/20?
9
Suppose -4*d - d = -20. Suppose -2*m - 6*b = -b - 8, -2*m = 4*b - 10. What is the remainder when m is divided by 69/15 - d/(-10)?
4
Let p(i) = 12*i + 4. Let u(f) = -11*f - 3. Let y(n) = -4*p(n) - 5*u(n). Calculate the remainder when y(3) is divided by 11.
9
Let n be -2 + (3 - -2) - 1. Suppose n*d - 4 = d. What is the remainder when d is divided by 3?
1
Let v(i) = i**3 + 4*i**2 + 2*i - 1. Let h be v(-3). Suppose 0 = 4*d - 18 + 2, -h*d = -2*m + 6. Let z = -30 - -50. What is the remainder when z is divided by m?
6
Let j be (-23)/(-3) + 12/(-18). Let c(m) = m**3 - 7*m**2 + 4*m - 2. Calculate the remainder when c(j) is divided by 14.
12
Let z(t) = -t - 4. Let d be z(-7). Suppose d = -2*x + 23. What is the remainder when 17 is divided by x?
7
Suppose 42 = 5*t - i - 3, 0 = -3*t - 4*i + 4. Suppose -t*h = -4*h - 104. Calculate the remainder when h is divided by 14.
12
Let c(r) = 5*r**3 - 10*r + 1. Let j(t) = -9*t**3 + t**2 + 19*t - 1. Let o(u) = -11*c(u) - 6*j(u). What is the remainder when o(-6) is divided by 7?
5
Suppose -1 - 1 = z, -2*z - 7 = -d. What is the remainder when (d - 0)*(-20)/(-6) is divided by 6?
4
Suppose 5*p - 2 = 4*w, -4*w + 7 = -2*p + 3. Calculate the remainder when 3 is divided by p.
1
Let l = 40 + -21. Suppose 0*g + 3*g - 5*d = 17, 0 = 4*g - 3*d - l. Calculate the remainder when 10 is divided by g.
2
Let i(f) = -4*f + 3. Let l = -9 - -6. Let c = 297 + -288. Calculate the remainder when i(l) is divided by c.
6
Suppose -3*s + 4*d = -112, 4*d = -3*s + 5*d + 100. Calculate the remainder when s is divided by 9.
5
Suppose -4*w + 285 = -163. Calculate the remainder when w is divided by 39.
34
Suppose 7*f - 65 = 418. Let u(o) = o**3 + 9*o**2 + 4*o - 8. What is the remainder when f is divided by u(-8)?
21
Suppose 3*k - w - 17 = 0, -5*k - 3*w = -7*w - 26. Let d = -3 + k. Suppose 2 = -d*u + 29. What is the remainder when 16 is divided by u?
7
Let m(v) be the first derivative of v**4/4 + 7*v**3/3 + v**2/2 - 7*v + 2. Let j be m(-5). Let h = j - 19. What is the remainder when h is divided by 10?
9
Let b(l) = 9*l**2. Suppose 4*q - 22 = -2. Suppose h = q*r - 9, -11 = -h - 0*r + r. What is the remainder when h is divided by b(-1)?
7
Let c(a) = 5*a + 9. Suppose -100 = -4*g - 0*g + 2*n, 3*n + 72 = 3*g. What is the remainder when g is divided by c(1)?
12
Let c = -32 - -52. Let x = 7 - -3. Suppose 4 = 2*a - x. Calculate the remainder when c is divided by a.
6
Suppose -4*r + 311 - 55 = 0. Let q = r - 39. What is the remainder when 49 is divided by q?
24
What is the remainder when 16 is divided by -4*15/(-12) + 4?
7
Suppose -2*r + 6 = -0. Suppose 54 = r*f + 2*i + i, 5*f - i = 66. Calculate the remainder when 40 is divided by f.
12
Let n(o) = o**3 + o**2 + o + 7. Calculate the remainder when 18 is divided by n(0).
4
Let q(y) = y**3 - 7*y**2 - 9*y - 9. Let d be (-6)/(-21) + (-61)/(-7). What is the remainder when q(d) is divided by 25?
22
Let w(u) = 2*u**2 - 9. Calculate the remainder when 64 is divided by w(-4).
18
Let z be (9/(-2))/(2/(-4)). Suppose 2*x + x - 18 = 0. Let b = z - x. Calculate the remainder when 5 is divided by b.
2
Suppose 5 = -0*j + 5*j. Calculate the remainder when 2 is divided by j.
0
Let u = -11 - -39. Calculate the remainder when u is divided by 11.
6
Suppose 3*r - 7 - 113 = 0. Let u = -23 + r. What is the remainder when u is divided by 9?
8
Let d = 66 - 42. Suppose -5*y = 3*p - 59, 2*y - 5*p - 34 = -p. What is the remainder when d is divided by y?
11
Suppose -3*u + u + 6 = 0. Let v be -8*u/(-2*3). Suppose 3*f - y - 3*y - 36 = 0, -3*f = v*y - 12. What is the remainder when 14 is divided by f?
6
Suppose 5*r = -41 + 491. Calculate the remainder when r is divided by 31.
28
Let z = -82 - -146. Calculate the remainder when z is divided by 17.
13
Let n = 21 + 0. Calculate the remainder when 102 is divided by n.
18
Let l(o) = o**2 - 15*o - 4. Calculate the remainder when l(17) is divided by 17.
13
Let i(r) = -r**2 + 7*r - 2. Suppose -8 = 3*s - 74. Calculate the remainder when s is divided by i(5).
6
Let k(b) = b**2 - 4*b + 4. Let q(t) = -t**3 - 8*t